ase 16) in base 7?
43420510
What is -11022111212221 (base 3) in base 15?
-3047a1
Convert -1fc697 (base 16) to base 6.
-112344555
142869 (base 12) to base 2
1010010001001010001
Convert 10303201120 (base 4) to base 7.
13464220
What is c1af65 (base 16) in base 5?
11222141344
What is -1005651 (base 10) in base 11?
-627619
-126613354 (base 7) to base 3
-120110201210101
-850b3c (base 16) to base 10
-8719164
What is -59936 (base 14) in base 2?
-110101010111011100
Convert 1422313120 (base 5) to base 7.
43364430
Convert 4424a2 (base 14) to base 13.
62c0a0
9628041 (base 10) to base 9
20104163
Convert -432482 (base 9) to base 15.
-51575
Convert 6207353 (base 9) to base 7.
40103244
Convert 8759 (base 13) to base 9.
27745
What is 4241220 (base 5) in base 4?
101130023
Convert -4301300210 (base 5) to base 14.
-12a746a
Convert 8815b (base 13) to base 10.
246309
Convert -20030400 (base 5) to base 7.
-1226204
664265 (base 8) to base 7
1620231
What is -11254322 (base 6) in base 3?
-122202120112
67675 (base 8) to base 16
6fbd
35724 (base 9) to base 12
11a11
Convert -34927 (base 13) to base 14.
-26dcd
What is -692650 (base 12) in base 6?
-100032140
-500b22 (base 12) to base 8
-4601112
Convert -1021203101 (base 4) to base 3.
-120022020222
Convert -12120003302 (base 4) to base 7.
-20130626
Convert -722655 (base 9) to base 13.
-120035
Convert -4a98911 (base 11) to base 7.
-135066250
Convert 12021221010220 (base 3) to base 5.
1210011231
What is -1105b12 (base 14) in base 2?
-11110110101011100110100
Convert 2a012 (base 13) to base 5.
10012412
What is -112112122222 (base 3) in base 13?
-a03a6
Convert 100000100100011100 (base 2) to base 8.
404434
21045564 (base 7) to base 11
100365a
-4b9d3 (base 16) to base 14
-80c27
What is -121010112202 (base 3) in base 7?
-2461460
Convert 11228e (base 16) to base 6.
40022514
-200628 (base 9) to base 13
-41cab
-1100212013 (base 4) to base 12
-13b05b
22037043 (base 9) to base 2
101000101000111111001101
-24254236 (base 8) to base 11
-3011377
What is 21213002 (base 4) in base 7?
222521
-1bd791c (base 14) to base 2
-110101010001101010110110
277911 (base 10) to base 9
463200
830500 (base 10) to base 4
3022300210
-3575a (base 13) to base 7
-555333
What is -1730358 (base 10) in base 6?
-101030530
11110010000011010 (base 2) to base 8
362032
Convert 210200002210122 (base 3) to base 4.
223323222311
Convert 351636 (base 7) to base 6.
1204030
-21201122 (base 3) to base 11
-4261
What is -2475236 (base 8) in base 6?
-22415222
What is 4132314 (base 5) in base 9?
113041
-1a3c97 (base 13) to base 14
-134822
Convert 417971 (base 10) to base 15.
83c9b
Convert 6a508e (base 15) to base 4.
103120013111
What is -3288122 (base 10) in base 6?
-154250442
437a34 (base 15) to base 12
10b0857
-916c9 (base 13) to base 4
-333211021
-22201101202 (base 3) to base 2
-101001111001010101
118101 (base 11) to base 7
1404423
What is -16a96e (base 15) in base 6?
-35315552
58b42 (base 15) to base 9
470658
What is 12202111220 (base 3) in base 14?
2d45c
134753 (base 16) to base 9
2335105
What is -2023010113 (base 4) in base 14?
-10b835
42320230 (base 5) to base 4
1112202020
2077a (base 12) to base 16
a64e
Convert 23b7b2b (base 12) to base 10.
6960275
-1636470 (base 8) to base 16
-73d38
-43e56f (base 16) to base 3
-22101001202202
What is -10413441420 (base 5) in base 2?
-101011101111111001001000
Convert -234521 (base 10) to base 5.
-30001041
120023314 (base 5) to base 4
2011323220
What is -1076730 (base 8) in base 14?
-793ba
What is -110001101110001100101 (base 2) in base 16?
-18dc65
10010100011111101001 (base 2) to base 5
123430413
116c47 (base 15) to base 14
179813
-31443122 (base 5) to base 14
-6ca20
What is 3266813 (base 10) in base 8?
14354375
Convert -c1aa3 (base 13) to base 14.
-90520
Convert 598519 (base 11) to base 6.
32154133
Convert -3614b (base 13) to base 2.
-11000001100011001
-66cd (base 15) to base 5
-1144133
343204142 (base 5) to base 14
2c0727
Convert -6ca42 (base 14) to base 10.
-265442
-1a572b (base 16) to base 13
-485967
What is -6a0254 (base 13) in base 6?
-125513503
What is 127515 (base 10) in base 14?
34683
770d1 (base 14) to base 7
2310351
Convert 131013 (base 8) to base 9.
68463
Convert -3233230 (base 5) to base 13.
-1c308
What is -253510 (base 9) in base 7?
-1206351
Convert 220014443 (base 5) to base 6.
32042020
What is 715a19 (base 11) in base 8?
4305673
What is -16483a2 (base 12) in base 10?
-4576298
What is -24b3372 (base 12) in base 14?
-d5643c
c62c4a (base 15) to base 4
203331031222
Convert -11010010110110110 (base 2) to base 9.
-174073
What is -30332313 (base 5) in base 11?
-158879
85319 (base 12) to base 16
2ab85
42602004 (base 8) to base 16
8b0404
What is -481442 (base 10) in base 16?
-758a2
What is -184006 (base 12) in base 2?
-1100110111100000110
What is 22021012222 (base 3) in base 8?
475650
Convert -324355 (base 7) to base 16.
-ddce
-113110210 (base 4) to base 13
-34630
12223201 (base 4) to base 12
13a01
-425314 (base 8) to base 7
-1131035
1151205 (base 6) to base 14
1843b
-6bd18 (base 15) to base 12
-146b7b
Convert 483892 (base 13) to base 12.
6b044a
1740bb (base 13) to base 2
10001101101001000010
What is 24131023 (base 7) in base 13?
59ccb3
Convert 8bb60 (base 14) to base 13.
bb84a
Convert -21113013303 (base 4) to base 10.
-2454003
What is 5202351 (base 6) in base 10?
249403
-11355524 (base 7) to base 12
-405b38
Convert -23433240 (base 6) to base 12.
-2b5820
What is 87080 (base 12) in base 11?
111881
-3552a6 (base 12) to base 2
-11010001110001011110
-1330332 (base 5) to base 15
-7ecc
Convert 16d4d (base 16) to base 4.
112311031
What is -81810 (base 11) in base 14?
-31754
Convert -305941 (base 11) to base 10.
-490942
What is 235274 (base 8) in base 5?
10034242
Convert 321200310112 (base 4) to base 11.
8568328
-140344 (base 5) to base 14
-212c
-10321103 (base 5) to base 3
-11111221201
-48499 (base 11) to base 6
-1255100
Convert -119b375 (base 12) to base 16.
-348149
-598050 (base 10) to base 14
-117d3c
What is a5044 (base 13) in base 2?
1001000011011001011
Convert 207931 (base 10) to base 9.
346204
-100121121221012 (base 3) to base 11
-2980444
What is -53477706 (base 8) in base 10?
-11435974
Convert -121211022120 (base 3) to base 8.
-1206675
What is -4234332 (base 5) in base 7?
-414426
Convert -10110010000011101 (base 2) to base 15.
-1c02a
Convert -1c8832 (base 13) to base 7.
-6142003
11031330001 (base 4) to base 15
1c0424
-21862 (base 12) to base 7
-243344
What is 110111111011110111 (base 2) in base 10?
229111
What is -7765868 (base 10) in base 2?
-11101100111111101101100
101210012010 (base 3) to base 15
42d6c
Convert 14998d1 (base 14) to base 8.
46262637
5863051 (base 9) to base 6
151545244
-1405503 (base 6) to base 11
-5440a
Convert -10101210012202 (base 3) to base 12.
-7315b5
-badb7 (base 14) to base 6
-13411541
Convert -7012215 (base 9) to base 16.
-38e39a
What is 43115 (base 9) in base 6?
340022
What is 132c2 (base 13) in base 8?
105500
What is -1142241541 (base 6) in base 7?
-215266111
Convert 467316 (base 9) to base 8.
1044533
What is -2012301220 (base 4) in base 10?
-552040
7151a1 (base 11) to base 6
40342525
Convert 728564 (base 11) to base 12.
483aa2
Convert -826a00 (base 12) to base 5.
-1010401221
-1301120312 (base 4) to base 12
-1a4932
What is 77113 (base 12) in base 14?
41515
What is 10ad0d2 (base 14) in base 16?
794cf0
Convert -600a6 (base 12) to base 10.
-124542
Convert 15440 (base 11) to base 10.
21824
1225594 (base 10) to base 16
12b37a
-1140102140 (base 5) to base 11
-1557282
Convert -65ee (base 15) to base 4.
-11101133
What is -3718 (base 12) in base 11?
-4738
What is 203213342 (base 5) in base 13?
233381
282564 (base 13) to base 9
1747323
Convert -223041021 (base 6) to base 5.
-2020030420
Convert -3ab8d (base 15) to base 8.
-557511
-200010202022 (base 3) to base 8
-1271245
What is -102020100200210 (base 3) in base 16?
-5b1c49
Convert 1110110201110 (base 3) to base 9.
1413643
1ae2e (base 16) to base 2
11010111000101110
What is -100012012201101 (base 3) in base 14?
-912640
-161674 (base 8) to base 16
-e3bc
Convert -243511 (base 7) to base 9.
-67034
47b0f (base 16) to base 13
a3873
Convert 70702b (base 14) to base 3.
21010020200201
-743731 (base 8) to base 3
-110120212122
-10012211000021 (base 3) to base 12
-6a4a67
-51